{"id":20239,"date":"2023-07-20T20:15:32","date_gmt":"2023-07-20T20:15:32","guid":{"rendered":"https:\/\/universoautista.com.br\/portal7\/?post_type=product&#038;p=20239"},"modified":"2025-04-01T12:19:01","modified_gmt":"2025-04-01T15:19:01","slug":"curso-desenvolvimento-psicomotor-na-projecao-teacch","status":"publish","type":"product","link":"https:\/\/universoautista.com.br\/portal7\/produto\/curso-desenvolvimento-psicomotor-na-projecao-teacch\/","title":{"rendered":"EBOOk Curso Psicomotricidade na proje\u00e7\u00e3o TEACCH"},"content":{"rendered":"<h4><strong>Psicomotricidade na proje\u00e7\u00e3o TEACCH\u00a0 80h<\/strong><\/h4>\n<ul>\n<li><strong> Curso interativo\/videos\/arquivo EAD<\/strong><\/li>\n<li>IMPORTANTE: <strong>Assim que o pagamento for aprovado<\/strong>, fique atento no seu email de cadastro, pois por ele voc\u00ea receber\u00e1 os arquivos<\/li>\n<li>Emitiremos o certificado de 80h<\/li>\n<\/ul>\n<p><strong>M\u00f3dulo 1: Introdu\u00e7\u00e3o ao TEACCH e ao Desenvolvimento Psicomotor<\/strong><\/p>\n<ol>\n<li><span style=\"font-size: 11.0pt;\">Apresenta\u00e7\u00e3o do programa TEACCH<\/span><\/li>\n<li><span style=\"font-size: 11.0pt;\">Conceitos b\u00e1sicos de desenvolvimento psicomotor <\/span><\/li>\n<li><span style=\"font-size: 11.0pt;\">Integra\u00e7\u00e3o das abordagens TEACCH e psicomotora <\/span><\/li>\n<\/ol>\n<p>&nbsp;<\/p>\n<ol>\n<li><strong>M\u00f3dulo 2: Avalia\u00e7\u00e3o Psicomotora<\/strong><br \/>\nM\u00e9todos de avalia\u00e7\u00e3o do desenvolvimento psicomotor<br \/>\nTestes e instrumentos utilizados na avalia\u00e7\u00e3o<\/li>\n<li><strong>M\u00f3dulo 3: Interven\u00e7\u00e3o Psicomotora no TEACCH<\/strong><br \/>\nFundamentos da interven\u00e7\u00e3o psicomotora no contexto do TEACCH<\/li>\n<li><strong>M\u00f3dulo 4: Comunica\u00e7\u00e3o e Intera\u00e7\u00e3o Social<\/strong><br \/>\nRela\u00e7\u00e3o entre desenvolvimento psicomotor, comunica\u00e7\u00e3o e intera\u00e7\u00e3o social<\/li>\n<li><strong>M\u00f3dulo 5: Sensorialidade e Movimento<\/strong><br \/>\nAbordagem sensorial no desenvolvimento psicomotor<\/li>\n<li><strong>M\u00f3dulo 6: Coordena\u00e7\u00e3o Motora Grossa<\/strong><br \/>\nDesenvolvimento da coordena\u00e7\u00e3o motora grossa em indiv\u00edduos com TEA<\/li>\n<li><strong>M\u00f3dulo 7: Coordena\u00e7\u00e3o Motora Fina<\/strong><br \/>\nDesenvolvimento da coordena\u00e7\u00e3o motora fina em indiv\u00edduos com TEA<\/li>\n<li><strong>M\u00f3dulo 08: Integra\u00e7\u00e3o Curricular e Atividades Adaptadas<\/strong> Adapta\u00e7\u00e3o de atividades curriculares para atender \u00e0s necessidades psicomotoras de indiv\u00edduos com TEA<\/li>\n<li><strong>M\u00f3dulo 09: Pr\u00e1ticas e Estudos de Caso <\/strong>Discuss\u00e3o e an\u00e1lise de estudos de caso relacionados ao desenvolvimento psicomotor no TEACCH<\/li>\n<\/ol>\n","protected":false},"excerpt":{"rendered":"<p>Psicomotricidade na proje\u00e7\u00e3o TEACCH\u00a0 80h Curso interativo\/videos\/arquivo EAD IMPORTANTE: Assim que o pagamento for aprovado, fique atento no seu email de cadastro, pois por ele voc\u00ea receber\u00e1 os arquivos Emitiremos o certificado de 80h M\u00f3dulo 1: Introdu\u00e7\u00e3o ao TEACCH e ao Desenvolvimento Psicomotor Apresenta\u00e7\u00e3o do programa TEACCH Conceitos b\u00e1sicos de desenvolvimento psicomotor Integra\u00e7\u00e3o das abordagens [&hellip;]<\/p>\n","protected":false},"featured_media":20240,"template":"","meta":{"pagelayer_contact_templates":[],"_pagelayer_content":"","_joinchat":[],"jetpack_publicize_message":"","jetpack_publicize_feature_enabled":true,"jetpack_social_post_already_shared":false,"jetpack_social_options":{"image_generator_settings":{"template":"highway","default_image_id":0,"font":"","enabled":false},"version":2}},"product_brand":[],"product_cat":[33,73,128],"product_tag":[],"class_list":{"0":"post-20239","1":"product","2":"type-product","3":"status-publish","4":"has-post-thumbnail","6":"product_cat-cursosonline","7":"product_cat-ebooks-storieua","8":"product_cat-material-de-apoio-em-pdf","10":"first","11":"instock","12":"downloadable","13":"virtual","14":"purchasable","15":"product-type-simple"},"jetpack_publicize_connections":[],"jetpack_sharing_enabled":true,"_links":{"self":[{"href":"https:\/\/universoautista.com.br\/portal7\/wp-json\/wp\/v2\/product\/20239","targetHints":{"allow":["GET"]}}],"collection":[{"href":"https:\/\/universoautista.com.br\/portal7\/wp-json\/wp\/v2\/product"}],"about":[{"href":"https:\/\/universoautista.com.br\/portal7\/wp-json\/wp\/v2\/types\/product"}],"wp:featuredmedia":[{"embeddable":true,"href":"https:\/\/universoautista.com.br\/portal7\/wp-json\/wp\/v2\/media\/20240"}],"wp:attachment":[{"href":"https:\/\/universoautista.com.br\/portal7\/wp-json\/wp\/v2\/media?parent=20239"}],"wp:term":[{"taxonomy":"product_brand","embeddable":true,"href":"https:\/\/universoautista.com.br\/portal7\/wp-json\/wp\/v2\/product_brand?post=20239"},{"taxonomy":"product_cat","embeddable":true,"href":"https:\/\/universoautista.com.br\/portal7\/wp-json\/wp\/v2\/product_cat?post=20239"},{"taxonomy":"product_tag","embeddable":true,"href":"https:\/\/universoautista.com.br\/portal7\/wp-json\/wp\/v2\/product_tag?post=20239"}],"curies":[{"name":"wp","href":"https:\/\/api.w.org\/{rel}","templated":true}]}}

EBOOk Curso Psicomotricidade na projeção TEACCH

<h4><strong>Psicomotricidade na projeção TEACCH  80h</strong></h4>
<ul>
<li><strong> Curso interativo/videos/arquivo EAD</strong></li>
<li>IMPORTANTE: <strong>Assim que o pagamento for aprovado</strong>, fique atento no seu email de cadastro, pois por ele você receberá os arquivos</li>
<li>Emitiremos o certificado de 80h</li>
</ul>
<p><strong>Módulo 1: Introdução ao TEACCH e ao Desenvolvimento Psicomotor</strong></p>
<ol>
<li><span style="font-size: 11.0pt;">Apresentação do programa TEACCH</span></li>
<li><span style="font-size: 11.0pt;">Conceitos básicos de desenvolvimento psicomotor </span></li>
<li><span style="font-size: 11.0pt;">Integração das abordagens TEACCH e psicomotora </span></li>
</ol>
<p>&nbsp;</p>
<ol>
<li><strong>Módulo 2: Avaliação Psicomotora</strong><br />
Métodos de avaliação do desenvolvimento psicomotor<br />
Testes e instrumentos utilizados na avaliação</li>
<li><strong>Módulo 3: Intervenção Psicomotora no TEACCH</strong><br />
Fundamentos da intervenção psicomotora no contexto do TEACCH</li>
<li><strong>Módulo 4: Comunicação e Interação Social</strong><br />
Relação entre desenvolvimento psicomotor, comunicação e interação social</li>
<li><strong>Módulo 5: Sensorialidade e Movimento</strong><br />
Abordagem sensorial no desenvolvimento psicomotor</li>
<li><strong>Módulo 6: Coordenação Motora Grossa</strong><br />
Desenvolvimento da coordenação motora grossa em indivíduos com TEA</li>
<li><strong>Módulo 7: Coordenação Motora Fina</strong><br />
Desenvolvimento da coordenação motora fina em indivíduos com TEA</li>
<li><strong>Módulo 08: Integração Curricular e Atividades Adaptadas</strong> Adaptação de atividades curriculares para atender às necessidades psicomotoras de indivíduos com TEA</li>
<li><strong>Módulo 09: Práticas e Estudos de Caso </strong>Discussão e análise de estudos de caso relacionados ao desenvolvimento psicomotor no TEACCH</li>
</ol>

<p>Psicomotricidade na projeção TEACCH  80h Curso interativo/videos/arquivo EAD IMPORTANTE: Assim que o pagamento for aprovado, fique atento no seu email de cadastro, pois por ele você receberá os arquivos Emitiremos o certificado de 80h Módulo 1: Introdução ao TEACCH e ao Desenvolvimento Psicomotor Apresentação do programa TEACCH Conceitos básicos de desenvolvimento psicomotor Integração das abordagens [&hellip;]</p>
